{"id":3612,"date":"2020-09-09T04:31:48","date_gmt":"2020-09-09T04:31:48","guid":{"rendered":"http:\/\/qyolab.com\/?page_id=3612"},"modified":"2025-06-26T21:22:37","modified_gmt":"2025-06-26T21:22:37","slug":"about","status":"publish","type":"page","link":"https:\/\/qyolab.com\/?page_id=3612","title":{"rendered":"Acerca de nosotros"},"content":{"rendered":"\n<div class=\"wp-block-group alignfull has-ast-global-color-5-background-color has-background is-layout-flow wp-block-group-is-layout-flow\">\n<div class=\"wp-block-group alignwide is-layout-flow wp-block-group-is-layout-flow\">\n<div class=\"wp-block-media-text alignwide has-media-on-the-right is-stacked-on-mobile has-ast-global-color-5-background-color has-background has-small-font-size\" style=\"grid-template-columns:auto 38%\"><div class=\"wp-block-media-text__content\">\n<h2 class=\"wp-block-heading has-text-align-center has-ast-global-color-0-background-color has-background\" style=\"font-size:22px\">\u00bfQui\u00e9nes somos?<\/h2>\n\n\n\n<p style=\"font-size:16px\">Somos una empresa creada, con el prop\u00f3sito de convertirnos en tu mejor opci\u00f3n como proveedor de insumos, equipos, servicio, atenci\u00f3n, y asesor\u00edas.<\/p>\n\n\n\n<p style=\"font-size:16px\">Dedicados a la atenci\u00f3n de laboratorios y hospitales tanto p\u00fablicos como privados.<\/p>\n\n\n\n<p style=\"font-size:16px\">Haciendo uso de nuestros 19 a\u00f1os de experiencia, trabajamos al cobijo de valores como responsabilidad, seriedad, amabilidad y honestidad con todos nuestros clientes por igual.<\/p>\n\n\n\n<p style=\"font-size:16px\">Los mismos que nos hacen conscientes de la importancia de un diagn\u00f3stico confiable y a tiempo para t\u00fa paciente, cerciorandonos de no dejar nada al azar, poniendo a tu alcance la mejor calidad tanto en productos, como en servicios<\/p>\n<\/div><figure class=\"wp-block-media-text__media\"><img loading=\"lazy\" decoding=\"async\" width=\"1024\" height=\"621\" src=\"http:\/\/qyolab.com\/wp-content\/uploads\/2022\/02\/qyolab-verde-2-1024x621.png\" alt=\"\" class=\"wp-image-3992 size-full\" srcset=\"https:\/\/qyolab.com\/wp-content\/uploads\/2022\/02\/qyolab-verde-2-1024x621.png 1024w, https:\/\/qyolab.com\/wp-content\/uploads\/2022\/02\/qyolab-verde-2-300x182.png 300w, https:\/\/qyolab.com\/wp-content\/uploads\/2022\/02\/qyolab-verde-2-768x466.png 768w, https:\/\/qyolab.com\/wp-content\/uploads\/2022\/02\/qyolab-verde-2-1536x932.png 1536w, https:\/\/qyolab.com\/wp-content\/uploads\/2022\/02\/qyolab-verde-2-2048x1242.png 2048w\" sizes=\"auto, (max-width: 1024px) 100vw, 1024px\" \/><\/figure><\/div>\n<\/div>\n\n\n\n<div class=\"wp-block-media-text alignwide has-media-on-the-right is-stacked-on-mobile is-vertically-aligned-center is-image-fill-element\" style=\"grid-template-columns:auto 40%\"><div class=\"wp-block-media-text__content\">\n<h2 class=\"wp-block-heading has-text-align-center uagb-heading-text has-x-large-font-size\" style=\"font-size:22px\">Misi\u00f3n<\/h2>\n\n\n\n<p style=\"font-size:16px\">Que nuestro servicio brinde a tu laboratorio la sinergia necesaria que le permita su crecimiento y desarrollo siempre de la mano de nosotros.<\/p>\n\n\n\n<p style=\"font-size:16px\">Siendo tu confianza, nuestra mejor recomendaci\u00f3n.<\/p>\n<\/div><figure class=\"wp-block-media-text__media\"><img loading=\"lazy\" decoding=\"async\" width=\"1024\" height=\"576\" src=\"https:\/\/qyolab.com\/wp-content\/uploads\/2022\/05\/close-up-blurry-researcher-holding-glassware-2-1024x576.jpg\" alt=\"\" class=\"wp-image-4194 size-full\" style=\"object-position:6% 64%\" srcset=\"https:\/\/qyolab.com\/wp-content\/uploads\/2022\/05\/close-up-blurry-researcher-holding-glassware-2-1024x576.jpg 1024w, https:\/\/qyolab.com\/wp-content\/uploads\/2022\/05\/close-up-blurry-researcher-holding-glassware-2-300x169.jpg 300w, https:\/\/qyolab.com\/wp-content\/uploads\/2022\/05\/close-up-blurry-researcher-holding-glassware-2-768x432.jpg 768w, https:\/\/qyolab.com\/wp-content\/uploads\/2022\/05\/close-up-blurry-researcher-holding-glassware-2-1536x864.jpg 1536w, https:\/\/qyolab.com\/wp-content\/uploads\/2022\/05\/close-up-blurry-researcher-holding-glassware-2-2048x1152.jpg 2048w\" sizes=\"auto, (max-width: 1024px) 100vw, 1024px\" \/><\/figure><\/div>\n\n\n\n<div style=\"height:50px\" aria-hidden=\"true\" class=\"wp-block-spacer\"><\/div>\n\n\n\n<div class=\"wp-block-group is-layout-constrained wp-block-group-is-layout-constrained\">\n<div class=\"wp-block-media-text alignwide is-stacked-on-mobile is-vertically-aligned-center is-image-fill-element\" style=\"grid-template-columns:40% auto\"><figure class=\"wp-block-media-text__media\"><img loading=\"lazy\" decoding=\"async\" width=\"1024\" height=\"576\" src=\"https:\/\/qyolab.com\/wp-content\/uploads\/2022\/05\/close-up-hand-holding-lab-tube-1024x576.jpg\" alt=\"\" class=\"wp-image-4188 size-full\" style=\"object-position:83% 67%\" srcset=\"https:\/\/qyolab.com\/wp-content\/uploads\/2022\/05\/close-up-hand-holding-lab-tube-1024x576.jpg 1024w, https:\/\/qyolab.com\/wp-content\/uploads\/2022\/05\/close-up-hand-holding-lab-tube-300x169.jpg 300w, https:\/\/qyolab.com\/wp-content\/uploads\/2022\/05\/close-up-hand-holding-lab-tube-768x432.jpg 768w, https:\/\/qyolab.com\/wp-content\/uploads\/2022\/05\/close-up-hand-holding-lab-tube-1536x864.jpg 1536w, https:\/\/qyolab.com\/wp-content\/uploads\/2022\/05\/close-up-hand-holding-lab-tube-2048x1152.jpg 2048w\" sizes=\"auto, (max-width: 1024px) 100vw, 1024px\" \/><\/figure><div class=\"wp-block-media-text__content\">\n<h2 class=\"wp-block-heading has-text-align-center uagb-heading-text has-x-large-font-size\">Visi\u00f3n<\/h2>\n\n\n\n<p style=\"font-size:16px\">Que la marca QyoLab sea est\u00e1ndar en excelencia, calidad y competitividad en el servicio que brindamos a nuestros clientes y ellos a sus vez puedan brindar estos valores a sus pacientes <div style=\"height:50px\" aria-hidden=\"true\" class=\"wp-block-spacer\"><\/p>\n<\/div><\/div>\n<\/div>\n\n\n\n<div style=\"height:50px\" aria-hidden=\"true\" class=\"wp-block-spacer\"><\/div>\n\n\n\n<div class=\"wp-block-group is-layout-constrained wp-block-group-is-layout-constrained\">\n<div class=\"wp-block-media-text alignwide is-stacked-on-mobile is-vertically-aligned-center is-image-fill-element\" style=\"grid-template-columns:28% auto\"><figure class=\"wp-block-media-text__media\"><img loading=\"lazy\" decoding=\"async\" width=\"1024\" height=\"828\" src=\"http:\/\/qyolab.com\/wp-content\/uploads\/2022\/05\/TUBOS-WEB_Mesa-de-trabajo-1-1024x828.jpg\" alt=\"Productos certificados\" class=\"wp-image-4271 size-full\" style=\"object-position:50% 50%\" srcset=\"https:\/\/qyolab.com\/wp-content\/uploads\/2022\/05\/TUBOS-WEB_Mesa-de-trabajo-1-1024x828.jpg 1024w, https:\/\/qyolab.com\/wp-content\/uploads\/2022\/05\/TUBOS-WEB_Mesa-de-trabajo-1-300x243.jpg 300w, https:\/\/qyolab.com\/wp-content\/uploads\/2022\/05\/TUBOS-WEB_Mesa-de-trabajo-1-768x621.jpg 768w, https:\/\/qyolab.com\/wp-content\/uploads\/2022\/05\/TUBOS-WEB_Mesa-de-trabajo-1.jpg 1526w\" sizes=\"auto, (max-width: 1024px) 100vw, 1024px\" \/><\/figure><div class=\"wp-block-media-text__content\">\n<h3 class=\"wp-block-heading has-text-align-right has-x-large-font-size\" id=\"certified-products\">PRODUCTOS CERTIFICADOS<\/h3>\n\n\n\n<p class=\"has-text-align-right\" style=\"font-size:16px\">*Insumos, reactivos y equipos para laboratorio cl\u00ednico.<\/p>\n\n\n\n<p class=\"has-text-align-right\" style=\"font-size:16px\">*Asesor\u00eda y capacitaci\u00f3n con personal calificado.<\/p>\n<\/div><\/div>\n\n\n\n<div style=\"height:100px\" aria-hidden=\"true\" class=\"wp-block-spacer\"><\/div>\n\n\n\n<h2 class=\"wp-block-heading\" id=\"we-deal-with-various-quality-organic-products\">Nuestras marcas, cubren el 90% de las \u00e1reas del laboratorio.<\/h2>\n\n\n\n<div class=\"wp-block-columns is-layout-flex wp-container-core-columns-is-layout-28f84493 wp-block-columns-is-layout-flex\">\n<div class=\"wp-block-column is-vertically-aligned-top is-layout-flow wp-block-column-is-layout-flow\">\n<ul class=\"wp-block-list\">\n<li>Qu\u00edmica cl\u00ednica <\/li>\n\n\n\n<li>Hematolog\u00eda<\/li>\n\n\n\n<li>Coagulaci\u00f3n<\/li>\n\n\n\n<li>Prote\u00ednas<\/li>\n\n\n\n<li>Biolog\u00eda Molecular<\/li>\n<\/ul>\n<\/div>\n\n\n\n<div class=\"wp-block-column is-layout-flow wp-block-column-is-layout-flow\">\n<ul class=\"wp-block-list\">\n<li>Qu\u00edmica veterinaria<\/li>\n\n\n\n<li>Pruebas r\u00e1pidas<\/li>\n\n\n\n<li>Insumos<\/li>\n\n\n\n<li>Cultivos<\/li>\n\n\n\n<li>Y m\u00e1s.<\/li>\n<\/ul>\n<\/div>\n<\/div>\n<\/div>\n<\/div>\n\n\n\n<div class=\"wp-block-columns is-layout-flex wp-container-core-columns-is-layout-28f84493 wp-block-columns-is-layout-flex\">\n<div class=\"wp-block-column has-ast-global-color-5-color has-white-background-color has-text-color has-background is-layout-flow wp-block-column-is-layout-flow\">\n<figure class=\"wp-block-image size-medium is-resized uag-hide-tab uag-hide-mob\"><img loading=\"lazy\" decoding=\"async\" width=\"300\" height=\"189\" src=\"https:\/\/qyolab.com\/wp-content\/uploads\/2022\/04\/064fc0a2-81e2-4b7a-958e-4a52078e529e-1-300x189.png\" alt=\"\" class=\"wp-image-4141\" style=\"width:150px;height:95px\" srcset=\"https:\/\/qyolab.com\/wp-content\/uploads\/2022\/04\/064fc0a2-81e2-4b7a-958e-4a52078e529e-1-300x189.png 300w, https:\/\/qyolab.com\/wp-content\/uploads\/2022\/04\/064fc0a2-81e2-4b7a-958e-4a52078e529e-1-1024x644.png 1024w, https:\/\/qyolab.com\/wp-content\/uploads\/2022\/04\/064fc0a2-81e2-4b7a-958e-4a52078e529e-1-768x483.png 768w, https:\/\/qyolab.com\/wp-content\/uploads\/2022\/04\/064fc0a2-81e2-4b7a-958e-4a52078e529e-1-1536x966.png 1536w, https:\/\/qyolab.com\/wp-content\/uploads\/2022\/04\/064fc0a2-81e2-4b7a-958e-4a52078e529e-1.png 2000w\" sizes=\"auto, (max-width: 300px) 100vw, 300px\" \/><\/figure>\n\n\n\n<div class=\"wp-block-group is-layout-flow wp-block-group-is-layout-flow\">\n<figure class=\"wp-block-image size-medium is-resized uag-hide-tab uag-hide-mob\"><img loading=\"lazy\" decoding=\"async\" width=\"300\" height=\"169\" src=\"https:\/\/qyolab.com\/wp-content\/uploads\/2022\/04\/63acff8b-6c76-4b7d-aedd-c2bf69188d31-300x169.png\" alt=\"\" class=\"wp-image-4152\" style=\"width:150px;height:85px\" srcset=\"https:\/\/qyolab.com\/wp-content\/uploads\/2022\/04\/63acff8b-6c76-4b7d-aedd-c2bf69188d31-300x169.png 300w, https:\/\/qyolab.com\/wp-content\/uploads\/2022\/04\/63acff8b-6c76-4b7d-aedd-c2bf69188d31-1024x576.png 1024w, https:\/\/qyolab.com\/wp-content\/uploads\/2022\/04\/63acff8b-6c76-4b7d-aedd-c2bf69188d31-768x432.png 768w, https:\/\/qyolab.com\/wp-content\/uploads\/2022\/04\/63acff8b-6c76-4b7d-aedd-c2bf69188d31-1536x864.png 1536w, https:\/\/qyolab.com\/wp-content\/uploads\/2022\/04\/63acff8b-6c76-4b7d-aedd-c2bf69188d31-2048x1151.png 2048w\" sizes=\"auto, (max-width: 300px) 100vw, 300px\" \/><\/figure>\n<\/div>\n<\/div>\n\n\n\n<div class=\"wp-block-column is-layout-flow wp-block-column-is-layout-flow\">\n<figure class=\"wp-block-image size-medium is-resized uag-hide-tab uag-hide-mob\"><img loading=\"lazy\" decoding=\"async\" width=\"300\" height=\"169\" src=\"https:\/\/qyolab.com\/wp-content\/uploads\/2022\/04\/dda763b9-3076-4618-87e9-a4ad2063f823-300x169.png\" alt=\"\" class=\"wp-image-4145\" style=\"width:148px;height:84px\" srcset=\"https:\/\/qyolab.com\/wp-content\/uploads\/2022\/04\/dda763b9-3076-4618-87e9-a4ad2063f823-300x169.png 300w, https:\/\/qyolab.com\/wp-content\/uploads\/2022\/04\/dda763b9-3076-4618-87e9-a4ad2063f823-1024x576.png 1024w, https:\/\/qyolab.com\/wp-content\/uploads\/2022\/04\/dda763b9-3076-4618-87e9-a4ad2063f823-768x432.png 768w, https:\/\/qyolab.com\/wp-content\/uploads\/2022\/04\/dda763b9-3076-4618-87e9-a4ad2063f823-1536x864.png 1536w, https:\/\/qyolab.com\/wp-content\/uploads\/2022\/04\/dda763b9-3076-4618-87e9-a4ad2063f823-2048x1151.png 2048w\" sizes=\"auto, (max-width: 300px) 100vw, 300px\" \/><\/figure>\n\n\n\n<figure class=\"wp-block-image size-medium is-resized uag-hide-tab uag-hide-mob\"><img loading=\"lazy\" decoding=\"async\" width=\"300\" height=\"169\" src=\"https:\/\/qyolab.com\/wp-content\/uploads\/2022\/04\/eef7df0b-330d-478a-814c-ac163e0ea0e9-300x169.png\" alt=\"\" class=\"wp-image-4156\" style=\"width:150px;height:85px\" srcset=\"https:\/\/qyolab.com\/wp-content\/uploads\/2022\/04\/eef7df0b-330d-478a-814c-ac163e0ea0e9-300x169.png 300w, https:\/\/qyolab.com\/wp-content\/uploads\/2022\/04\/eef7df0b-330d-478a-814c-ac163e0ea0e9-1024x576.png 1024w, https:\/\/qyolab.com\/wp-content\/uploads\/2022\/04\/eef7df0b-330d-478a-814c-ac163e0ea0e9-768x432.png 768w, https:\/\/qyolab.com\/wp-content\/uploads\/2022\/04\/eef7df0b-330d-478a-814c-ac163e0ea0e9-1536x864.png 1536w, https:\/\/qyolab.com\/wp-content\/uploads\/2022\/04\/eef7df0b-330d-478a-814c-ac163e0ea0e9-2048x1151.png 2048w\" sizes=\"auto, (max-width: 300px) 100vw, 300px\" \/><\/figure>\n<\/div>\n\n\n\n<div class=\"wp-block-column is-layout-flow wp-block-column-is-layout-flow\">\n<figure class=\"wp-block-image size-medium is-resized uag-hide-tab uag-hide-mob\"><img loading=\"lazy\" decoding=\"async\" width=\"300\" height=\"169\" src=\"https:\/\/qyolab.com\/wp-content\/uploads\/2022\/04\/2ed6827b-b87f-4471-92f6-a0eb7f311b32-2-300x169.png\" alt=\"\" class=\"wp-image-4155\" style=\"width:150px;height:85px\" srcset=\"https:\/\/qyolab.com\/wp-content\/uploads\/2022\/04\/2ed6827b-b87f-4471-92f6-a0eb7f311b32-2-300x169.png 300w, https:\/\/qyolab.com\/wp-content\/uploads\/2022\/04\/2ed6827b-b87f-4471-92f6-a0eb7f311b32-2-1024x576.png 1024w, https:\/\/qyolab.com\/wp-content\/uploads\/2022\/04\/2ed6827b-b87f-4471-92f6-a0eb7f311b32-2-768x432.png 768w, https:\/\/qyolab.com\/wp-content\/uploads\/2022\/04\/2ed6827b-b87f-4471-92f6-a0eb7f311b32-2-1536x864.png 1536w, https:\/\/qyolab.com\/wp-content\/uploads\/2022\/04\/2ed6827b-b87f-4471-92f6-a0eb7f311b32-2-2048x1151.png 2048w\" sizes=\"auto, (max-width: 300px) 100vw, 300px\" \/><\/figure>\n\n\n\n<figure class=\"wp-block-image size-medium is-resized uag-hide-tab uag-hide-mob\"><img loading=\"lazy\" decoding=\"async\" width=\"300\" height=\"132\" src=\"https:\/\/qyolab.com\/wp-content\/uploads\/2022\/04\/f284c862-c477-4402-9b46-0727b1f4bbc5-300x132.png\" alt=\"\" class=\"wp-image-4159\" style=\"width:150px;height:66px\" srcset=\"https:\/\/qyolab.com\/wp-content\/uploads\/2022\/04\/f284c862-c477-4402-9b46-0727b1f4bbc5-300x132.png 300w, https:\/\/qyolab.com\/wp-content\/uploads\/2022\/04\/f284c862-c477-4402-9b46-0727b1f4bbc5-1024x452.png 1024w, https:\/\/qyolab.com\/wp-content\/uploads\/2022\/04\/f284c862-c477-4402-9b46-0727b1f4bbc5-768x339.png 768w, https:\/\/qyolab.com\/wp-content\/uploads\/2022\/04\/f284c862-c477-4402-9b46-0727b1f4bbc5-1536x678.png 1536w, https:\/\/qyolab.com\/wp-content\/uploads\/2022\/04\/f284c862-c477-4402-9b46-0727b1f4bbc5-2048x904.png 2048w\" sizes=\"auto, (max-width: 300px) 100vw, 300px\" \/><\/figure>\n<\/div>\n\n\n\n<div class=\"wp-block-column is-layout-flow wp-block-column-is-layout-flow\">\n<figure class=\"wp-block-image size-medium is-resized uag-hide-tab uag-hide-mob\"><img loading=\"lazy\" decoding=\"async\" width=\"300\" height=\"169\" src=\"https:\/\/qyolab.com\/wp-content\/uploads\/2022\/04\/e38fbff3-d99b-43d3-868b-1cc41d090e39-1-300x169.png\" alt=\"\" class=\"wp-image-4144\" style=\"width:150px;height:85px\" srcset=\"https:\/\/qyolab.com\/wp-content\/uploads\/2022\/04\/e38fbff3-d99b-43d3-868b-1cc41d090e39-1-300x169.png 300w, https:\/\/qyolab.com\/wp-content\/uploads\/2022\/04\/e38fbff3-d99b-43d3-868b-1cc41d090e39-1-1024x576.png 1024w, https:\/\/qyolab.com\/wp-content\/uploads\/2022\/04\/e38fbff3-d99b-43d3-868b-1cc41d090e39-1-768x432.png 768w, https:\/\/qyolab.com\/wp-content\/uploads\/2022\/04\/e38fbff3-d99b-43d3-868b-1cc41d090e39-1-1536x864.png 1536w, https:\/\/qyolab.com\/wp-content\/uploads\/2022\/04\/e38fbff3-d99b-43d3-868b-1cc41d090e39-1-2048x1151.png 2048w\" sizes=\"auto, (max-width: 300px) 100vw, 300px\" \/><\/figure>\n\n\n\n<figure class=\"wp-block-image size-medium is-resized uag-hide-tab uag-hide-mob\"><img loading=\"lazy\" decoding=\"async\" width=\"300\" height=\"169\" src=\"https:\/\/qyolab.com\/wp-content\/uploads\/2022\/04\/5f7ad7c4-7dd3-4761-b48d-579411020916-300x169.png\" alt=\"\" class=\"wp-image-4136\" style=\"width:150px;height:85px\" srcset=\"https:\/\/qyolab.com\/wp-content\/uploads\/2022\/04\/5f7ad7c4-7dd3-4761-b48d-579411020916-300x169.png 300w, https:\/\/qyolab.com\/wp-content\/uploads\/2022\/04\/5f7ad7c4-7dd3-4761-b48d-579411020916-1024x576.png 1024w, https:\/\/qyolab.com\/wp-content\/uploads\/2022\/04\/5f7ad7c4-7dd3-4761-b48d-579411020916-768x432.png 768w, https:\/\/qyolab.com\/wp-content\/uploads\/2022\/04\/5f7ad7c4-7dd3-4761-b48d-579411020916-1536x864.png 1536w, https:\/\/qyolab.com\/wp-content\/uploads\/2022\/04\/5f7ad7c4-7dd3-4761-b48d-579411020916-2048x1151.png 2048w\" sizes=\"auto, (max-width: 300px) 100vw, 300px\" \/><\/figure>\n<\/div>\n\n\n\n<div class=\"wp-block-column is-layout-flow wp-block-column-is-layout-flow\">\n<figure class=\"wp-block-image size-medium is-resized uag-hide-tab uag-hide-mob\"><img loading=\"lazy\" decoding=\"async\" width=\"300\" height=\"169\" src=\"https:\/\/qyolab.com\/wp-content\/uploads\/2022\/04\/c7f3dff7-f7e1-4691-829e-6fb3a6d4859f-300x169.png\" alt=\"\" class=\"wp-image-4161\" style=\"width:150px;height:85px\" srcset=\"https:\/\/qyolab.com\/wp-content\/uploads\/2022\/04\/c7f3dff7-f7e1-4691-829e-6fb3a6d4859f-300x169.png 300w, https:\/\/qyolab.com\/wp-content\/uploads\/2022\/04\/c7f3dff7-f7e1-4691-829e-6fb3a6d4859f-1024x576.png 1024w, https:\/\/qyolab.com\/wp-content\/uploads\/2022\/04\/c7f3dff7-f7e1-4691-829e-6fb3a6d4859f-768x432.png 768w, https:\/\/qyolab.com\/wp-content\/uploads\/2022\/04\/c7f3dff7-f7e1-4691-829e-6fb3a6d4859f-1536x864.png 1536w, https:\/\/qyolab.com\/wp-content\/uploads\/2022\/04\/c7f3dff7-f7e1-4691-829e-6fb3a6d4859f-2048x1151.png 2048w\" sizes=\"auto, (max-width: 300px) 100vw, 300px\" \/><\/figure>\n\n\n\n<figure class=\"wp-block-image size-large\"><img loading=\"lazy\" decoding=\"async\" width=\"1024\" height=\"303\" src=\"https:\/\/qyolab.com\/wp-content\/uploads\/2025\/06\/Mexlab_logo-responsive-1-1024x303.png\" alt=\"\" class=\"wp-image-4551\" srcset=\"https:\/\/qyolab.com\/wp-content\/uploads\/2025\/06\/Mexlab_logo-responsive-1-1024x303.png 1024w, https:\/\/qyolab.com\/wp-content\/uploads\/2025\/06\/Mexlab_logo-responsive-1-300x89.png 300w, https:\/\/qyolab.com\/wp-content\/uploads\/2025\/06\/Mexlab_logo-responsive-1-768x227.png 768w, https:\/\/qyolab.com\/wp-content\/uploads\/2025\/06\/Mexlab_logo-responsive-1.png 1237w\" sizes=\"auto, (max-width: 1024px) 100vw, 1024px\" \/><\/figure>\n<\/div>\n\n\n\n<div class=\"wp-block-column is-layout-flow wp-block-column-is-layout-flow\">\n<figure class=\"wp-block-image size-medium is-resized uag-hide-tab uag-hide-mob\"><img loading=\"lazy\" decoding=\"async\" width=\"300\" height=\"169\" src=\"https:\/\/qyolab.com\/wp-content\/uploads\/2022\/04\/d4bfd508-d895-4a3d-82c4-48b37631d874-300x169.png\" alt=\"\" class=\"wp-image-4139\" style=\"width:150px;height:85px\" srcset=\"https:\/\/qyolab.com\/wp-content\/uploads\/2022\/04\/d4bfd508-d895-4a3d-82c4-48b37631d874-300x169.png 300w, https:\/\/qyolab.com\/wp-content\/uploads\/2022\/04\/d4bfd508-d895-4a3d-82c4-48b37631d874-1024x576.png 1024w, https:\/\/qyolab.com\/wp-content\/uploads\/2022\/04\/d4bfd508-d895-4a3d-82c4-48b37631d874-768x432.png 768w, https:\/\/qyolab.com\/wp-content\/uploads\/2022\/04\/d4bfd508-d895-4a3d-82c4-48b37631d874-1536x864.png 1536w, https:\/\/qyolab.com\/wp-content\/uploads\/2022\/04\/d4bfd508-d895-4a3d-82c4-48b37631d874-2048x1151.png 2048w\" sizes=\"auto, (max-width: 300px) 100vw, 300px\" \/><\/figure>\n<\/div>\n<\/div>\n\n\n\n<p><\/p>\n","protected":false},"excerpt":{"rendered":"<p>\u00bfQui\u00e9nes somos? Somos una empresa creada, con el prop\u00f3sito de convertirnos en tu mejor opci\u00f3n como proveedor de insumos, equipos, servicio, atenci\u00f3n, y asesor\u00edas. Dedicados a la atenci\u00f3n de laboratorios y hospitales tanto p\u00fablicos como privados. Haciendo uso de nuestros 19 a\u00f1os de experiencia, trabajamos al cobijo de valores como responsabilidad, seriedad, amabilidad y honestidad [&hellip;]<\/p>\n","protected":false},"author":1,"featured_media":0,"parent":0,"menu_order":0,"comment_status":"closed","ping_status":"closed","template":"","meta":{"om_disable_all_campaigns":false,"_uag_custom_page_level_css":"","_monsterinsights_skip_tracking":false,"_monsterinsights_sitenote_active":false,"_monsterinsights_sitenote_note":"","_monsterinsights_sitenote_category":0,"site-sidebar-layout":"no-sidebar","site-content-layout":"plain-container","ast-site-content-layout":"default","site-content-style":"default","site-sidebar-style":"default","ast-global-header-display":"","ast-banner-title-visibility":"","ast-main-header-display":"","ast-hfb-above-header-display":"","ast-hfb-below-header-display":"","ast-hfb-mobile-header-display":"","site-post-title":"disabled","ast-breadcrumbs-content":"","ast-featured-img":"disabled","footer-sml-layout":"","theme-transparent-header-meta":"default","adv-header-id-meta":"","stick-header-meta":"","header-above-stick-meta":"","header-main-stick-meta":"","header-below-stick-meta":"","astra-migrate-meta-layouts":"default","ast-page-background-enabled":"default","ast-page-background-meta":{"desktop":{"background-color":"","background-image":"","background-repeat":"repeat","background-position":"center center","background-size":"auto","background-attachment":"scroll","background-type":"","background-media":"","overlay-type":"","overlay-color":"","overlay-opacity":"","overlay-gradient":""},"tablet":{"background-color":"","background-image":"","background-repeat":"repeat","background-position":"center center","background-size":"auto","background-attachment":"scroll","background-type":"","background-media":"","overlay-type":"","overlay-color":"","overlay-opacity":"","overlay-gradient":""},"mobile":{"background-color":"","background-image":"","background-repeat":"repeat","background-position":"center center","background-size":"auto","background-attachment":"scroll","background-type":"","background-media":"","overlay-type":"","overlay-color":"","overlay-opacity":"","overlay-gradient":""}},"ast-content-background-meta":{"desktop":{"background-color":"var(--ast-global-color-5)","background-image":"","background-repeat":"repeat","background-position":"center center","background-size":"auto","background-attachment":"scroll","background-type":"","background-media":"","overlay-type":"","overlay-color":"","overlay-opacity":"","overlay-gradient":""},"tablet":{"background-color":"var(--ast-global-color-5)","background-image":"","background-repeat":"repeat","background-position":"center center","background-size":"auto","background-attachment":"scroll","background-type":"","background-media":"","overlay-type":"","overlay-color":"","overlay-opacity":"","overlay-gradient":""},"mobile":{"background-color":"var(--ast-global-color-5)","background-image":"","background-repeat":"repeat","background-position":"center center","background-size":"auto","background-attachment":"scroll","background-type":"","background-media":"","overlay-type":"","overlay-color":"","overlay-opacity":"","overlay-gradient":""}},"footnotes":""},"class_list":["post-3612","page","type-page","status-publish","hentry"],"aioseo_notices":[],"featured_image_src":null,"uagb_featured_image_src":{"full":false,"thumbnail":false,"medium":false,"medium_large":false,"large":false,"1536x1536":false,"2048x2048":false},"uagb_author_info":{"display_name":"qyolabdistribuidora@gmail.com","author_link":"https:\/\/qyolab.com\/?author=1"},"uagb_comment_info":0,"uagb_excerpt":"\u00bfQui\u00e9nes somos? Somos una empresa creada, con el prop\u00f3sito de convertirnos en tu mejor opci\u00f3n como proveedor de insumos, equipos, servicio, atenci\u00f3n, y asesor\u00edas. Dedicados a la atenci\u00f3n de laboratorios y hospitales tanto p\u00fablicos como privados. Haciendo uso de nuestros 19 a\u00f1os de experiencia, trabajamos al cobijo de valores como responsabilidad, seriedad, amabilidad y honestidad&hellip;","_links":{"self":[{"href":"https:\/\/qyolab.com\/index.php?rest_route=\/wp\/v2\/pages\/3612","targetHints":{"allow":["GET"]}}],"collection":[{"href":"https:\/\/qyolab.com\/index.php?rest_route=\/wp\/v2\/pages"}],"about":[{"href":"https:\/\/qyolab.com\/index.php?rest_route=\/wp\/v2\/types\/page"}],"author":[{"embeddable":true,"href":"https:\/\/qyolab.com\/index.php?rest_route=\/wp\/v2\/users\/1"}],"replies":[{"embeddable":true,"href":"https:\/\/qyolab.com\/index.php?rest_route=%2Fwp%2Fv2%2Fcomments&post=3612"}],"version-history":[{"count":66,"href":"https:\/\/qyolab.com\/index.php?rest_route=\/wp\/v2\/pages\/3612\/revisions"}],"predecessor-version":[{"id":4552,"href":"https:\/\/qyolab.com\/index.php?rest_route=\/wp\/v2\/pages\/3612\/revisions\/4552"}],"wp:attachment":[{"href":"https:\/\/qyolab.com\/index.php?rest_route=%2Fwp%2Fv2%2Fmedia&parent=3612"}],"curies":[{"name":"wp","href":"https:\/\/api.w.org\/{rel}","templated":true}]}}